 + 6*o + 3. What is the remainder when b(-2) is divided by 10?
5
Calculate the remainder when 375/(-55) + 7 - (-1802)/11 is divided by 5.
4
Let a = -492 + 505. Calculate the remainder when 87 is divided by a.
9
What is the remainder when -7*(-26)/14*14 is divided by 49?
35
Let z(a) = -51*a**3 + 2*a**2 + 2*a. Suppose 0*b + 2 = -2*b. Calculate the remainder when z(b) is divided by 13.
12
Suppose -10*m - m = -6*m. Suppose -5*g - 5*s - 75 = -10*g, 5*g + 4*s - 84 = m. What is the remainder when 59 is divided by g?
11
Suppose 5*t = 29*t - 240. Calculate the remainder when 128 is divided by t.
8
Suppose -544 = -102*y + 70*y. What is the remainder when 453 is divided by y?
11
Let a = -13 + 622. Calculate the remainder when a is divided by 68.
65
Suppose -5*g + 2*i = 5*i - 240, -20 = -g + 5*i. Let y = 22 - 39. Calculate the remainder when g is divided by 2/(y/6 - (2 + -5)).
9
Let a = 165 - 41. What is the remainder when a is divided by 43?
38
Suppose 121 = 3*n + 7*q + 20, 4*n + 5*q = 126. What is the remainder when n is divided by 10?
9
Suppose s + 3*s + 4*a + 72 = 0, -2*s = -4*a + 12. Let q = 38 + s. Suppose 412 = 17*m - 778. What is the remainder when m is divided by q?
22
Suppose -b - 2*g = -3*b + 38, 2*g + 10 = 0. Suppose -2*c + 140 = 2*c. Calculate the remainder when c is divided by ((-2)/(-6))/(b/504).
11
What is the remainder when 178 is divided by -5 + 155/(20/4)?
22
Let p(z) = z + 4. Let q(b) = -2*b - 11. Let s(f) = 8*p(f) + 3*q(f). Suppose -a - 4*a + 270 = 0. Calculate the remainder when a is divided by s(10).
16
Let c = -532 - -550. Calculate the remainder when 104 is divided by c.
14
Let c be 1/(-1 - 9/(-8)). Suppose -k + c = -3. Let p = -4 + k. Calculate the remainder when p is divided by 4.
3
Suppose -12*l - 3*d - 30 = -14*l, 0 = 4*d + 8. What is the remainder when (64 + 2)/(9/6) is divided by l?
8
Let l(r) = -r**2 + 2*r + 8. Let j be l(0). Let h = j + 9. What is the remainder when h is divided by 5?
2
Let z = -1648 - -1669. Calculate the remainder when 119 is divided by z.
14
Calculate the remainder when (0 - 62376/(-56)) + 4/28 is divided by 18.
16
Let m be (-1 - 2 - -6)*1. Let z be -2 + -2*(m + -50). Suppose i + 156 = 6*p - p, 3*p - z = i. Calculate the remainder when p is divided by 11.
10
Suppose 27*z - 17*z - 2230 = 0. Calculate the remainder when z is divided by 32.
31
Let a(j) = -j**3 - 7*j**2 - 6*j + 4. Let p(y) = -y**3 + 2*y**2 - y + 2. Calculate the remainder when a(-6) is divided by p(1).
0
What is the remainder when 175 is divided by (-94)/8 - -12 - 71/(-4)?
13
Let w = 3 - 3. Suppose 3*n - 5*d - 93 = w, n + 3*d = -2*n + 69. What is the remainder when n is divided by 10?
6
Let w(s) = -22*s - 212. What is the remainder when 82 is divided by w(-10)?
2
Let o(b) = -b**2 + 6*b - 4. Let j be o(4). Let m(l) = l + 3 + 4*l - 4 + j*l. What is the remainder when 31 is divided by m(1)?
7
Suppose 4*c - 47 = -t, 2*c - 4*t - 26 = -2*t. Suppose 251 - 168 = z. What is the remainder when z is divided by c?
11
Suppose -3*q + 22 = 4*u, -q + 4*u + 5 = 3. What is the remainder when 41 is divided by q?
5
Let o = -1371 + 1411. What is the remainder when 559 is divided by o?
39
Let j = -6 - -22. Suppose 3*s = 11 + j. What is the remainder when 42 is divided by s?
6
Let m = -7 - -55. Suppose 2*k - m = -k. Calculate the remainder when 30 is divided by k.
14
Let p = -114 + 231. Suppose -s - o - 38 = -2*s, -2*s = 2*o - 64. Calculate the remainder when s is divided by p/6 - 6/4.
17
Let v(i) be the second derivative of 2*i**3 + i**2/2 - 153*i. Suppose -2*b + 11 = -5*r, -2*r - 1 = -r. What is the remainder when v(b) is divided by 8?
5
Let a = 1787 - 1747. What is the remainder when 121 is divided by a?
1
Let w(p) = -p**3 - 5*p**2 + 4*p + 18. Let g be w(-5). Calculate the remainder when 324/7 - ((-60)/35 - g) is divided by 12.
10
Suppose -4*f + 134 + 118 = 0. Let b(n) = 22*n**2 + n + 1. Suppose 2*i + i = -h - 7, i = -5*h - 21. Calculate the remainder when f is divided by b(i).
19
Suppose -3*p = -54 + 12. Suppose 0 = -0*t + 3*t - 246. What is the remainder when t is divided by p?
12
Suppose d - 33 = -5*w, -42 - 24 = -4*d + 2*w. Suppose d*k = 6*k + 648. What is the remainder when k is divided by 11?
10
Suppose 0 = -y - 2 - 2. What is the remainder when 36 is divided by (-2 - y)*19/2?
17
Let h(v) = 2*v**2 + 53*v - 34. Let z be h(-27). Calculate the remainder when 166 is divided by 267/21 - (9/z + 1).
10
Let o = 22 - 10. Suppose 2*h - 10 - o = 0. What is the remainder when 21 is divided by h?
10
Let b(o) = 809*o - 3231. Calculate the remainder when (2 - 0) + 0 - -51 is divided by b(4).
3
Suppose -6*n + 4*n + 30 = 2*t, -3*n + 56 = 4*t. Calculate the remainder when 19 is divided by t*((-2)/(-2) + 0).
8
Suppose 5*t - 22 = p - 5, 8 = 2*t. Suppose 0 = -0*c - p*c. Suppose 2*i - 51 = -5*j, -5*j - 4*i + 46 + 1 = c. Calculate the remainder when 42 is divided by j.
9
What is the remainder when (-48)/10*16100/(-105) is divided by 9?
7
Suppose 1 = -6*r + 121. What is the remainder when 1057 is divided by r?
17
Let x = -873 - -930. Calculate the remainder when 159 is divided by x.
45
Let w(i) = -13*i + 51. Calculate the remainder when 99 is divided by w(3).
3
Let t(s) = 16*s - 189. Calculate the remainder when 11 + (-2)/(-1) + 1 is divided by t(12).
2
Suppose 9888 = 333*k - 321*k. What is the remainder when k is divided by 59?
57
Suppose 0 = 2*l + 3*l - 30. Suppose -3*s = -3 - l. Calculate the remainder when (-76)/(-18) + (-2)/9 is divided by s.
1
Let o = 1350 - 1296. Calculate the remainder when 484 is divided by o.
52
Let s(q) = -23*q + 40. What is the remainder when s(-3) is divided by (0 - -12)*14/6?
25
Suppose 48 = 24*c - 21*c. Suppose 5*o = -3*l + o + 56, 0 = 4*o + c. Calculate the remainder when l is divided by 20.
4
Suppose 180 = 4*g - l, -180 = -3*g - g - 4*l. Let k = -138 - -162. Calculate the remainder when g is divided by k.
21
Let n(b) = 2*b**3 - 35*b**2 + 15*b + 36. Calculate the remainder when 6 is divided by n(17).
0
What is the remainder when (3/(-2))/(2/(-92)) is divided by (-2)/29 - (-11866)/493?
21
Let h = -51 - -54. What is the remainder when (-52)/(-12) + -4 + 131/h is divided by 12?
8
Let n = -61 + 74. Let b = n + 48. Calculate the remainder when b is divided by 32.
29
Suppose 0 = o + 4*o + 415. Let s = -72 - o. Calculate the remainder when s is divided by 6.
5
Let g = 2 - 0. Suppose -g*l + l + 7 = 0. Suppose -i + l = -7. Calculate the remainder when i is divided by 8.
6
Let b(p) = -2*p**2 + 28*p + 35. Suppose -c = c - 8. Let f = 16 - c. What is the remainder when f is divided by b(15)?
2
Let s = -12 - -3. Calculate the remainder when -4 + 195/(s/(-3)) is divided by -1 - ((-48)/3 - 1).
13
What is the remainder when 398 is divided by (-160)/6*(-87)/58?
38
Suppose 17*n = 12*n + 235. Suppose 0 = 4*g - n - 49. Let y = g - 18. Calculate the remainder when 22 is divided by y.
4
Let d(l) = 11*l - 3. What is the remainder when -3 + 6 + 24/3 is divided by d(1)?
3
Let y(m) = 14*m + 3. Let l = -20 + 21. What is the remainder when 48 is divided by y(l)?
14
Let f(b) = 25*b**2 + 2*b + 3. Suppose u + 7 = 2*m - 2*u, -u = -3*m. Calculate the remainder when f(m) is divided by 7.
5
Let q(z) be the third derivative of -8*z**2 + 0 + 7/30*z**5 + 1/12*z**4 - 1/6*z**3 + 0*z. Calculate the remainder when q(-2) is divided by 18.
15
Let w be ((-6)/4)/(5/(-10)). Calculate the remainder when 53/2*2 + -1 is divided by w*(-112)/(-21) - (0 + -2).
16
Let d = -65 - -77. Calculate the remainder when (-57)/2*4/d*-2 is divided by 7.
5
Suppose 2*c - 389 = 7. Calculate the remainder when c is divided by 20.
18
Let p = -5 + 7. Suppose 3*v - 9 = -b + 5, 0 = -p*b - v + 23. Calculate the remainder when 28 is divided by b.
6
Suppose 0*t - 74*t = -2516. Calculate the remainder when 780 is divided by t.
32
Calculate the remainder when ((-16)/48 - (-1257)/18)*34 is divided by 14.
11
Suppose -4*d + 3*d = -5. Suppose -d*u = 6 - 81. Let l = -503 + 546. Calculate the remainder when l is divided by u.
13
Let c(l) = l - 8. Let z be c(12). Suppose t = -3*j + z*t + 57, 0 = 4*j - t - 61. Calculate the remainder when j is divided by 3.
2
What is the remainder when -10 + 686/70 - 872/(-10) is divided by 11?
10
Let i(d) be the second derivative of -7*d**3/6 + d**2 + d. Suppose 1 = -7*f - 20. What is the re